te?
False
Let s(x) = 202*x - 99. Is s(5) a prime number?
True
Suppose 2*j - 4*v - 749 = -v, 0 = j + 2*v - 385. Let r = j - 194. Is r composite?
True
Let w(f) = -78*f**3 - 2*f**2 - 2*f - 1. Let h be -1 + (0 - (3 + -3)). Is w(h) prime?
False
Let c be 1177/22 + 6/4. Suppose -m + c = -19. Is m a prime number?
False
Suppose r - 39 = 1. Is r - (-6)/(-4)*2 a composite number?
False
Let p = 154 + -690. Let w = p + 975. Is w a prime number?
True
Let n be (-14956)/2*(-4)/8. Suppose -8*p + 3*p = 4*o - n, -5*o + 4690 = 3*p. Is o a prime number?
True
Suppose -2*o + 39 = 21. Let x(g) = g**3 - g**2 + g - 6. Let y be x(o). Suppose -p + y = 2*p. Is p prime?
False
Let t(o) = -7*o**3 - 9*o**2 - 12*o - 1. Let w = -78 - -72. Is t(w) prime?
True
Let i be (-3003)/(-15) - 12/(-15). Let n(k) = k**2 + 2*k - 1. Let j be n(1). Suppose 547 = 3*f + u - j*u, 0 = f - 5*u - i. Is f prime?
True
Let d(l) = -l**2 + 9*l + 13. Let y be d(10). Suppose -4*p + 24012 = -4*v, y*v + 28555 + 1468 = 5*p. Is p a composite number?
False
Let p(q) = 2*q - 10. Suppose 28 = 5*m + f, -2*m - 4 = -3*f - 5. Let d be p(m). Let y(b) = b**2 + 51. Is y(d) prime?
False
Let f(b) = -b**3 - b**2 - 8 - 3*b**2 - 2*b - 4*b**2. Let o be (6/8)/((-3)/36). Is f(o) composite?
True
Suppose -4*k = 5*h + 21, 3*k + 9 = -0*h + 3*h. Let g = -1 - k. Is -22*(68/(-8) + g) a prime number?
False
Let w(o) = 6*o + 43. Let z be 0 + (-3 - (-8 + -3)). Is w(z) prime?
False
Suppose -467 = -0*o + o. Let n = o - -858. Is n composite?
True
Let n = -886 - -1288. Suppose w + 201 = b + 2*w, 0 = 2*b + w - n. Is b prime?
False
Let c be 0 - (-5)/(20/28). Let z(n) = n - 3. Let x be z(c). Suppose -x*s = -6*s + 314. Is s prime?
True
Let t(y) = 15*y**3 + 3*y**2 - 2*y - 1. Suppose 5*b - 4*x = -33, x = -4*b - 2*x - 45. Let u be b/(-3)*8/12. Is t(u) a prime number?
True
Let n(v) = -9*v**2 + 2*v + 3. Let a be n(4). Is (-8)/14 + (-475)/a a prime number?
True
Let x(f) = 808*f + 1. Let z be x(-3). Let a = z + 4384. Is a a prime number?
False
Let w = -1 - 1. Let p be (0 - 146/(-1))/w. Let u = p + 126. Is u prime?
True
Suppose -386*g = -372*g - 69818. Is g a composite number?
False
Is 19054/4*(6 + -4) a prime number?
False
Suppose 0 = -z + 4*z + 2*l + 5, 0 = -3*l + 6. Is z*((-1659)/(-9))/(-7) composite?
False
Suppose 38 = 4*u + 2*p, -u + 4*p + 23 = -0*p. Let d = 220 - u. Is d prime?
False
Let d be -2 + 15/(-10)*(-16)/6. Is (49 + -2)/(d/26) a composite number?
True
Let q = 4406 + -3045. Is q a composite number?
False
Let c(w) = 391*w + 14. Is c(5) composite?
True
Suppose -4*c + 4 + 4 = -2*p, -3*p + 33 = 3*c. Let o(b) = -b**3 + 5*b**2 + 9*b + 8. Is o(p) composite?
True
Let j = 1010 + -131. Is j composite?
True
Suppose -5*g - z = 117668 - 924196, 4*z = -g + 161317. Is g composite?
True
Let c = -8 + 13. Suppose 3*j - 2*j = 136. Suppose -4*t + j = -c*x + x, 3*t = -5*x + 78. Is t a composite number?
False
Let z be (2/(-1))/((-1)/2). Suppose c - 286 = -5*j, c + z*j = -0*c + 289. Let k = c + -116. Is k prime?
False
Let h = 38 - 54. Let p(n) = -20*n + 33. Is p(h) composite?
False
Suppose -r + 11999 = -7*f + 5*f, 5*r + 2*f - 60043 = 0. Is r prime?
True
Suppose 0 = -p - 3*p. Suppose -3*k - 38 + 6749 = p. Is k prime?
True
Let g = -233086 - -341165. Is g prime?
True
Let q = 1741 + -2675. Let t = -435 - q. Is t a prime number?
True
Let a = -51 + 56. Suppose 5542 = 5*b + 2*j - 2435, 0 = -4*b + a*j + 6408. Is b a composite number?
False
Let q(f) = -14*f**3 - 11*f - 14. Let i(m) = -27*m**3 - 23*m - 29. Let c(j) = -2*i(j) + 5*q(j). Is c(-5) a composite number?
True
Is 2100 + (-5)/(-5) + 1 + -3 a prime number?
True
Let g(l) = -53*l**3 - 2*l - 1. Let w(c) = 54*c**3 + c. Let r(s) = 4*g(s) + 3*w(s). Is r(-3) a prime number?
True
Let i = 90 - 143. Let a = i + 74. Is a a prime number?
False
Suppose 5*p - 5*o - 279200 - 19240 = 0, 0 = -3*o + 15. Is p a prime number?
True
Is (-6)/57 - (-3538414)/418 a prime number?
False
Let l be (-100)/12 + 2/(-3). Let h = l + 12. Let y = h + 0. Is y prime?
True
Let y be (2 + -4)*8*(-9)/(-12). Let x be (-1 + 0)/(4/(-8)). Is 586/x - (y + 12) prime?
True
Suppose 4*k + 5172 = 4*d, -d + 2094 = -2*k + 801. Is d a composite number?
True
Suppose 4*d + z = -1, -d - z - 1 = -3*d. Suppose 0 = -5*r - 2*x + 171, -3*r + d*x + 90 = -3*x. Suppose w = r + 44. Is w a prime number?
False
Let t be 6/10 - 4/(-10). Is (-10 - t)/((-10)/190) composite?
True
Let f(j) = 12 - 5 + j - 2*j. Let l be f(5). Let w(r) = 50*r - 3. Is w(l) a composite number?
False
Suppose -30 = -5*l - 0. Is -1 - (l - 6) - (0 + -798) a composite number?
False
Let j = -8 - -73. Is 11793/13 + (-10)/j a prime number?
True
Let l = -3865 + 11466. Is l a prime number?
False
Is (-7)/((-21)/6)*(-4765)/(-10) a prime number?
True
Let t be (-10)/(-45) + 7891/9. Suppose v - 2466 = t. Is v a prime number?
True
Let a = 6254 + 4569. Is a composite?
True
Let k be (-22)/(-10) - (-1)/(-5). Let f be (-134 + k)/(6 + -7). Suppose 5*t - 1317 = -f. Is t a composite number?
True
Is 9467 - (120/21 - (-26)/91) composite?
False
Suppose x + 0 = -1. Let s = x + 5. Suppose 0 = 4*h - s*t - 504, 0 = -h + 3*t + 103 + 21. Is h a prime number?
True
Suppose -8*b = -11*b + w + 20495, -4*w + 27348 = 4*b. Is b a composite number?
False
Let m = 36 + -9. Suppose m*q = 25*q + 1934. Is q composite?
False
Let i(j) = 203*j**2 + j + 1. Suppose 0 = r + 4*r + 150. Let t = -28 - r. Is i(t) a composite number?
True
Let d(s) = s**2 - 1. Let a(c) = -c**3 + 12*c**2 - 16*c + 18. Let l(u) = a(u) + 3*d(u). Suppose 10*k = -45 + 155. Is l(k) prime?
False
Suppose -4*m + 32 = 4*y - m, m = y - 8. Let s be (-1285)/(-20) - (-6)/y. Let u = 120 + s. Is u prime?
False
Let n(b) = b**3 - 7*b**2 - 8*b - 5. Let l be n(8). Let r(i) = -130*i - 6. Let k be r(l). Suppose 2*m + 5*u - 218 - 51 = 0, k = 5*m + 3*u. Is m prime?
True
Let j(b) = b**3 - 8*b**2 + 2*b - 6. Let w be j(8). Let k be (-1514)/w + (-6)/(-15). Let o = 230 + k. Is o prime?
True
Suppose 0 = -2*k + 13 - 33. Let h(v) = -v**3 - 11*v**2 - 18*v + 7. Is h(k) a prime number?
False
Suppose -2*g = -6*g + 86560. Let z(v) = v**2 + 3*v - 2. Let h be z(-5). Is 6/h - g/(-32) a composite number?
False
Let r be 98/1 - (5 + (-2 - 0)). Is (52/10)/(1/r) - 3 composite?
False
Suppose t + 1052 = 5*t. Let p = 417 - t. Let y = p + -101. Is y a prime number?
True
Suppose -3*h + 4*u = -423, 2*h - 274 = -2*u - 6. Let j = 208 - h. Is j prime?
True
Suppose 149 = 2*l + 17. Let r = 5 + l. Is r prime?
True
Let f be 102 - (0 + 3 + 0). Let c = -79 + 120. Let k = f - c. Is k a composite number?
True
Let z = 843 + -286. Is z prime?
True
Suppose 20 = 5*l, y - 5*l + 2*l - 7189 = 0. Is y composite?
True
Let p = -4982 - -1736. Is (5/15)/((-2)/p) prime?
True
Let x be (49/(-14))/((-2)/4). Let n be 1 - 124 - (x + -5). Let u = -40 - n. Is u a composite number?
True
Suppose 63490 = 21*f - 75887. Is f a prime number?
True
Let v(s) = -2*s**2 + 9*s + 1. Let k be v(4). Suppose k*i - 290 = 1305. Is i prime?
False
Suppose -5*q - 3*m = 430, 0*q - 258 = 3*q - 5*m. Let j = -61 - q. Is 2165/j + (-2)/(-5) composite?
True
Let d(x) = 4*x**2 - 119*x + 18. Is d(35) composite?
True
Suppose 12*m = 4*m - 2336. Let b = 545 + m. Is b a prime number?
False
Let a(y) = y**3 - 4*y**2 + 5*y + 4. Let d be a(4). Let t = 21 - d. Is -3 + t + 9 + 92 composite?
True
Suppose 0 = 6*u - 5*u - 13. Suppose -u*f + 15*f = 254. Is f a composite number?
False
Let q = 81 + -32. Suppose 6*p - q = 5*p. Is p a composite number?
True
Let z(j) = j**2 - 25*j - 98. Let k be z(29). Let v(g) = g**3 - 14*g**2 - 11*g - 11. Is v(k) composite?
False
Let z be 385*(106/(-34) - 6/(-51)). Suppose 3*y + 2*b = -b + 42, 5*b + 50 = 3*y. Is (-20)/y + z/(-9) a prime number?
True
Suppose -2*j - 653 = 5*w - 2201, -5*j = -w + 315. Let i be 436/(-2) + (-3 - 0). Let v = i + w. Is v composite?
False
Suppose z - 3167 = -4*t, -22*t + 3162 = z - 23*t. Is z a prime number?
True
Suppose w + 3*w + s = -1006, 0 = s - 2. Let p = -89 - w. Is p composite?
False
Suppose 4 = 4*r + 3*p + 19, 8 = -3*r + p. Let b be (101/r)/((-4)/36). Suppose -s = -2, -6*m - 2*s = -5*m - b. Is m a composite number?
True
Is (20534/(-8))/((-11)/(-4) + -3) composite?
False
Is (1 - -3)*25989/12 prime?
True
Let g(t) = -487*t + 127. Is g(-6) composite?
False
Let w = -15 + 10. Let p(q) = q**3 - q - 2 + 4*q**2 + 9 - 4*q. Is p(w) a prime number?
True